 Let s be n(-2). Let h = s - -35. What is the units digit of h?
1
Let s = 938 + -500. What is the units digit of 8/(-36) - s/(-27)?
6
Suppose 0 = -3*q + 1 - 4. Let f be -3*3/(-9) - q. Suppose -3*u = f*u - 5. What is the units digit of u?
1
Suppose -3*t = 3*b - 30, 3*b + 2*t = 2*b + 8. What is the units digit of b?
2
Let x(g) be the first derivative of g**5/20 + g**3/3 - 3*g**2/2 - g + 1. Let u(a) be the first derivative of x(a). What is the units digit of u(2)?
9
Suppose -3*p + 9 = -g, 0 = -2*g + 2*p + p - 6. What is the tens digit of 2/(g/(117/6))?
1
What is the hundreds digit of (-4188)/(-32) + (-4)/(-32)?
1
Suppose -4*b = -2*b + 18. Let d = b - 7. What is the tens digit of 25/2*d/(-20)?
1
Suppose -5*t + 230 = -5*m, t - 5*t + 5*m = -189. What is the units digit of t?
1
Let c(y) = y + 4. Let w be c(10). What is the tens digit of (0 - 0/(-1)) + w?
1
Suppose 4*l - w - 269 = 0, l - w = 3*w + 56. Suppose 3*v + l = 7*v. What is the units digit of v?
7
Let b(s) = 10*s - 27. What is the units digit of b(10)?
3
Let m(l) = -6*l**2 + l + 1. Let o be m(-1). Let k = -3 - o. What is the units digit of -1 - (-10 + k + -2)?
8
Let h = -6 - -29. What is the tens digit of h?
2
Let f be -2 - 0/(-4) - -71. Suppose 5*d - f = -19. What is the tens digit of d?
1
Let z = 21 - 18. Suppose 5*s = -z*b + 4*s + 2, 1 = 2*b + s. What is the units digit of b?
1
Suppose 0 = -2*b - 4 - 38. Let k = b + 61. What is the tens digit of k?
4
Suppose 5*g - 2*t = -4 - 6, -20 = 4*g - 4*t. Let z be (-21)/(-14)*(-4)/(-3). What is the units digit of (z - g)*10/4?
5
Let t = -62 - -92. What is the units digit of t?
0
Suppose -128 = -3*u + u. What is the tens digit of u?
6
Suppose o + 104 = 5*o. Let h = 42 - o. Let n = h + -5. What is the tens digit of n?
1
Let p = -38 + 60. What is the units digit of p?
2
Suppose j + 3*s + 0 = -13, -5*j = -3*s - 25. Suppose 7*u = j*u - 220. What is the units digit of (-1)/2 + u/(-8)?
5
Suppose -3*c + 12 = c. Suppose -5 = -8*p + c*p. What is the units digit of p?
1
Let m = -13 + 20. What is the tens digit of m/((-7)/(-18)) + 1?
1
What is the units digit of 8*-2*(-8)/16?
8
Suppose -5*h + 30 + 0 = 0. Suppose -o + h = 2*o. Suppose -o*z - 5 = -25. What is the units digit of z?
0
Suppose -3*g + 8 = g. What is the tens digit of 15 + 3/3 - g?
1
What is the tens digit of (-6)/(-21) + 285/7?
4
Suppose -3*w - 23 = -5. Let f = w + 8. Suppose -4*y = -f*g - 28, -3 - 10 = -5*y - 3*g. What is the units digit of y?
5
Let g = -67 - -94. What is the tens digit of g?
2
What is the tens digit of (-150)/39 + 4 + 2024/26?
7
Let x = 523 + -92. What is the tens digit of x?
3
What is the tens digit of 5 - (3 - 0) - -20?
2
Suppose 0 = 4*f - 70 - 514. What is the hundreds digit of f?
1
Let z(p) = p**2 - 4*p + 8. What is the units digit of z(5)?
3
Let q(j) = j**2 + j - 3. Let x be q(-4). Suppose -2*c = -c - x. What is the units digit of c?
9
What is the units digit of 1*(96 - (1 - -2))?
3
Suppose -2*j + 8 = f, 2*j = 4*f - 3*j - 6. Suppose 2*v = -5*p - 6 + 34, 0 = 4*v - f*p - 28. What is the units digit of v?
9
Let o = 69 - 10. What is the tens digit of o?
5
Let f be 1/((-1)/(-11)) + 0. Suppose -2*g + 8 = n, 0 = 4*g + g - 2*n - f. What is the units digit of g?
3
Let k(p) = p**2 - 3*p + 2. Suppose -2 = -j - 0. Let q be k(j). Suppose q*f + 3*f - 9 = 0. What is the units digit of f?
3
Let u be 1/(-2) - (-204)/8. Suppose 3*p - u - 32 = 0. What is the tens digit of p?
1
Suppose 38 = y + 3*t - 7*t, 0 = -3*y + 2*t + 64. What is the tens digit of y?
1
Let h(g) be the first derivative of g**3/3 + g**2/2 + 7*g - 3. What is the units digit of h(0)?
7
Let j be 2 - ((-4)/(-2) - 0). Suppose -2*i + 7 + 13 = j. Suppose -40 = -5*d + i. What is the units digit of d?
0
Let s(f) = 3*f**2. Let d be s(-1). Suppose -d*x - 2*x + m = -146, x = -3*m + 26. What is the tens digit of x?
2
Let n = 56 + 31. What is the units digit of n?
7
Let u be (-1)/(9/(-12) - -1). Let z = 8 + u. What is the units digit of z?
4
Suppose -b - 2*z = 3, 6*b = b - 2*z + 9. Suppose -q + 24 = 4*x + b*q, 0 = -2*x + q. Suppose -x*a = -7 - 5. What is the units digit of a?
6
What is the units digit of 0 - -6 - 16/8?
4
Let m(h) = -h. Let a be m(-3). Let l(n) = -n - 3*n + 4*n**2 - n**3 - a + 6*n. What is the units digit of l(2)?
9
Let k = -33 - -153. What is the tens digit of k?
2
Suppose -328 = -4*z + 2*y, -2*y - 2*y = -5*z + 407. What is the tens digit of z?
8
Suppose -27 = -5*a - 17. What is the units digit of 168/27 - a/9?
6
Let q be ((-21)/(-6) + -1)*2. Let c = -2 + q. Suppose -c*f = 15, 21 = 3*u - 5*f - 28. What is the units digit of u?
8
Let s = 256 - 156. What is the tens digit of s?
0
Let n(r) = 3*r. Let x be n(3). Let k = x + -3. What is the units digit of k?
6
Suppose -h + 3 = -1. Suppose 2*q = -h*m + 8, 2*m = 3*q + 1 + 3. Suppose p - 11 = -q*p. What is the tens digit of p?
1
Let z = 53 + 27. Suppose -2*b + 2*m + m + 19 = 0, -5*m = 5*b + 15. Suppose -b*t - z = -7*t. What is the units digit of t?
6
Suppose 9 - 3 = 3*j. Let d be (-2)/3 + (-11)/(-3). Suppose j*q - 50 = -d*q. What is the units digit of q?
0
Let s(u) = 45*u + 11. What is the units digit of s(3)?
6
Suppose -r = -3*j + 514, 2*r = 2*j - 473 + 137. What is the units digit of j?
3
Suppose 2*l - 4 = 2*f + 48, -4*l + 3*f + 106 = 0. What is the units digit of l?
8
Let k(r) = r**3 + 7*r**2 - r - 3. Let c be k(-7). Suppose j - 8 = c. What is the tens digit of j?
1
Suppose -3*h + 840 = 2*h. What is the tens digit of (h/18)/(3/9)?
2
What is the units digit of (-5)/(117/30 - 4)?
0
Suppose 556 = 4*k + 2*p, 564 = 4*k - p - p. What is the tens digit of k?
4
Suppose -3*o = 2*o - 510. Let a be 4/6 - o/(-9). Suppose -2*n + 2 = -a. What is the units digit of n?
7
Let l(f) = 4*f + 6. Let x be l(-14). Let m = x - -71. What is the tens digit of m?
2
Let k be (-4 - (0 + -4)) + 1 + 2. Let d = 4 - -1. Let p = d - k. What is the units digit of p?
2
Let n(z) = 15*z**2 - 3. What is the tens digit of n(-5)?
7
What is the units digit of (52/(-5))/(18/(-90))?
2
Let h(b) = -b**3 + 2*b. Let c be h(-2). Let r = -3 + c. What is the units digit of r?
1
Suppose -u = -4 - 1. Suppose -u*b + 5 = h - 14, b - 3*h = -9. What is the units digit of b?
3
Suppose -10*r + 1254 + 86 = 0. What is the tens digit of r?
3
What is the tens digit of -6 + 1076/7 - (-2)/7?
4
Let p = 2 + 2. Suppose -2*j + 8 = 0, -3*u - 2*j = -p*j - 70. What is the units digit of u?
6
Let u(s) = -s**3 - 7*s**2 + s + 10. Suppose -5*x - 4*c = 21 + 30, 4*x + 48 = -5*c. What is the units digit of u(x)?
3
Suppose -4*r = -2*p + 608, 3*r = -2*p + 3*p - 305. What is the tens digit of p?
0
Let w = -61 + 89. What is the units digit of w?
8
Let b = -19 + 48. What is the units digit of b?
9
Suppose 0 = -0*d - 3*d + 129. What is the tens digit of d?
4
Let s = -61 + 96. Suppose -x + s = 14. What is the units digit of x?
1
Suppose 0 = -3*l + 15, 5 = o + o - l. Suppose -v - 4*v = -o. What is the units digit of v?
1
Suppose -t + 2*t = -1. Let s be 6/(2/(-8)*-6). Let p = s - t. What is the units digit of p?
5
Let y(k) = -k**3 + 14*k**2 - 13*k + 9. Let i be y(13). Let m = i - -9. What is the tens digit of m?
1
Suppose -3*i + 0*l = l, -5*i - 5*l = 0. Suppose -8*q + 3*q + 50 = i. What is the units digit of q?
0
Let p = 32 - 18. Let n = 20 - p. Suppose -12 - n = y + 5*s, 20 = 2*y - 4*s. What is the units digit of y?
2
Let q = 6 + 20. Let n be (-66)/(-4) + (-6)/4. Suppose -3*i + h = -q, -i + n = 4*i + 4*h. What is the units digit of i?
7
Let k(l) = -l**2 + 6*l - 3. Let y be k(6). Let o(h) = 9*h. Let c(n) = -17*n - 1. Let f(d) = 3*c(d) + 5*o(d). What is the tens digit of f(y)?
1
Suppose -2*g - 11 = 3. Let u = 35 + g. What is the units digit of u?
8
Let a(i) = 6 - 2*i - 6 - 4*i**2 + 6*i**2. Let l be a(2). Suppose l*q = 9*q - 5. What is the units digit of q?
1
What is the units digit of (-1970)/(-12) + ((-10)/(-12) - 1)?
4
Let g be ((-54)/(-12))/((-6)/8). Let m be (4/g)/((-12)/18). Suppose 4*o - m = 3*o. What is the units digit of o?
1
Let v(w) = 3*w**2 - 2. Suppose -3*c + 1 = 2*h, -3*h + 3*c + 19 = -h. Suppose -2 = n + 4*g, -2*n + h*g = n + 6. What is the units digit of v(n)?
0
Suppose g + 2*g - 6 = 0. What is the tens digit of (g + 2)*78/8?
3
Let k be 4/((-8)/6) - -3. Suppose k = -2*w - w + 162. What is the units digit of -1*(w + -3)/(-3)?
7
Suppose 5*t = 3*d + 30